etermine i(j).
-15
Let t(y) = -29*y + 4. Let w(p) = -10*p + 1. Let s(d) = -3*t(d) + 8*w(d). Calculate s(4).
24
Let k(v) be the second derivative of -v**3/3 - 3*v. Let o(i) = i**3 - 5*i**2 - i + 4. Let s be o(5). Calculate k(s).
2
Let k(m) = m - 2. Suppose -8 = -5*j + 7. Calculate k(j).
1
Let g(z) = -5*z + 3. Let j(h) = 3*h**2 - 4*h - 1. Let w be j(3). Let p = 16 - w. What is g(p)?
-7
Let v(h) = -h**2 + 6*h - 4. Let q be v(6). Let o(i) = -2*i + 2. Give o(q).
10
Let c(b) = -2*b + 1. Let a(r) = r**3 + 13*r**2 + 3. Let y be a(-13). Suppose -i - y = -4*i. Give c(i).
-1
Let a(z) = z**3 + 4*z**2 - 3*z + 7. Suppose 2*q - q - 3*x + 5 = 0, -q - 5 = -4*x. Calculate a(q).
-3
Let x(m) be the third derivative of -m**4/12 - m**3/6 + 2*m**2 + 91*m. Let z(j) = -j**2 + 5*j - 5. Let l be z(4). What is x(l)?
1
Let n(y) = -2*y**3 + 25*y**2 - 3*y + 17. Let p(a) = 3*a - 10 + a**3 - 2*a + 1 - 8*a**2 - 5*a**2. Let t(s) = 6*n(s) + 11*p(s). Give t(6).
-3
Let l = 9 - 6. Suppose u = 0, 3*h + 5*u = l*u + 6. Let r be 3/(-5) + h/(-5). Let x(o) = -5*o**2 - 1. What is x(r)?
-6
Let l(g) be the second derivative of -5*g**4/4 - g**3/6 + g. Suppose 0 = 2*q + 4, 3*q = -5*h - 11 - 0. Give l(h).
-14
Let l(f) be the first derivative of f**5/20 + f**4/6 - f**3/2 - 3*f**2/2 + f - 1. Let t(j) be the first derivative of l(j). Let q = 6 + -8. What is t(q)?
3
Suppose g + 20 = -3*g. Let j(i) = 5*i**3 - 15*i**2 + 6*i + 8. Let b(y) = -2*y**3 + 5*y**2 - 2*y - 3. Let l(s) = 8*b(s) + 3*j(s). Calculate l(g).
-10
Let k = -12 - -15. Let b(h) = 2*h - h - k*h + 0*h + 2. What is b(-4)?
10
Suppose 0 = -u - 3*f - 7, 4*f - 1 = -5*u - 14. Let m(j) = 12*j**3 - 2*j - 1. What is m(u)?
-11
Let b(l) = 14*l**2 + 2*l + 1. Let c = -19 - -21. Let a(t) = -29*t**2 - 4*t - 3. Let q(x) = c*a(x) + 5*b(x). Give q(1).
13
Let p(t) = t**3 + 4*t**2 + 4*t - 3. Suppose -15*k = -16*k - 4. Calculate p(k).
-19
Let l(f) = -f. Let t(y) = y**3 + 4*y**2 - 4*y + 5. Let q(u) = 6*l(u) - t(u). What is q(-4)?
3
Let y(a) be the first derivative of a**3/3 + a**2/2 - 4*a + 2. Let k be y(-3). Let m(i) = 2*i**3 - i**2 - i - 1. What is m(k)?
9
Let y(h) = -5*h**3 - h - 2*h + 2*h + 2*h**2. Let c be y(1). Let g(p) = -p**3 - 5*p**2 - 3*p. Calculate g(c).
-4
Let j(n) = -4*n**3 - 2*n + 1. Let t be j(1). Let d(b) = -b**2 - 1. Let s(x) = -x**3 - 8*x**2 - 5*x - 8. Let c(y) = 2*d(y) - s(y). Calculate c(t).
6
Let n = 149/2 - 73. Let l(y) be the first derivative of -y**3 - 2 + y - n*y**2 + 1/4*y**4. Give l(2).
-9
Let p(z) = 3*z**3 - z**2 + 6*z - 4. Let t(j) = -j**3 + j**2 - j + 1. Let q(i) = p(i) + 4*t(i). Suppose 0 = -4*y - 8, -y = -v - 3*y - 1. What is q(v)?
6
Let r be ((-2)/3)/(1/6). Suppose 0*b = 5*b - 15. Let f(o) = 1 + 0*o**b + 5 + 3*o - 3*o**2 - o**3. What is f(r)?
10
Let t(v) = -4*v**2 + 5*v + 24. Let y(z) = z**2 - z - 6. Let r(s) = -2*t(s) - 9*y(s). Suppose -8*p = 3*n - 4*p - 12, -3*p + 9 = 4*n. Calculate r(n).
6
Let r(l) = l - 25. Let u be r(26). Let k(g) = -12*g + 1. Give k(u).
-11
Let a(r) = -r. Suppose 29 - 109 = -10*q. Calculate a(q).
-8
Let w(h) = h**3 + 8*h**2 + 5*h + 12. Let d(g) = g**3 + 8*g**2 + 5*g + 11. Let x(f) = -6*d(f) + 5*w(f). Give x(-7).
-20
Let y(m) be the third derivative of m**6/120 - m**5/10 + m**4/24 - 4*m**3/3 + 7*m**2. Determine y(6).
-2
Let j(n) be the third derivative of -1/12*n**4 + 0*n + 0 - n**2 + 1/60*n**5 - 5/6*n**3. Let t be j(4). Let g(o) = 2*o**2 - 3*o - 4. What is g(t)?
5
Let w be ((-6)/(-4))/(1/(-2)). Let s(v) = -v - 5. Let z(b) = 1. Let o(a) = s(a) + 5*z(a). Calculate o(w).
3
Let q(j) = -8*j**3 - 13*j**2 + 3. Let u(s) = -7*s**3 - 12*s**2 + 2. Let m(z) = -6*q(z) + 7*u(z). Give m(-6).
-4
Let i(b) = 1. Let q(z) = z**2 - z - 4. Let l(w) = -4*i(w) - q(w). Give l(2).
-2
Suppose -y - 28 = -5*y. Let n(o) = 1 + y - o**2 - o - 2. What is n(0)?
6
Let w(f) = 22*f**2 - 41*f + 9. Let p(l) = 5*l**2 - 10*l + 2. Let h(t) = -9*p(t) + 2*w(t). Calculate h(8).
0
Let h be (-15)/(-20) - (-1)/4. Let w(d) = -2*d**2 + 4*d + 7. Let s(z) = -6*z**2 + 11*z + 20. Let q(b) = -6*s(b) + 17*w(b). What is q(h)?
3
Suppose 0 = -3*n - 0*b + 5*b + 20, 2*n = -5*b + 5. Let f(d) = -n + 2*d**2 - 3*d**2 + 0 - 1. Give f(0).
-6
Suppose v + 4*t - 8 = 5, 3*v + 3*t - 12 = 0. Let c(b) = -10 + 4 + 5. Let a(n) = -3*n**3 - 2*n**2 + n - 2. Let q(o) = v*a(o) - 2*c(o). Determine q(1).
-4
Let k(q) be the first derivative of -q**4/4 + 2*q**3 - 5*q**2/2 + 6*q - 1. Let n = 38 - 18. Suppose -n = -o - 3*o. What is k(o)?
6
Let d(w) be the second derivative of w**7/2520 + w**6/90 + w**5/24 + w**4/4 + 8*w. Let r(c) be the third derivative of d(c). Calculate r(-6).
-7
Let u(m) be the second derivative of -2*m**3/3 - 3*m**2/2 - m. Let h = -8 - -5. Calculate u(h).
9
Let h(a) be the third derivative of 7/120*a**6 + 1/30*a**5 + 0*a + 1/6*a**3 + 0 - 2*a**2 + 1/12*a**4. What is h(-1)?
-6
Let v(y) = -y**2 - 8*y + 9. Let h be v(-9). Suppose 4*z + z - b + 7 = h, 5*b = -z - 17. Let f(u) = u - 2. Calculate f(z).
-4
Let i(n) = 2*n**2 - 7*n + 6. Suppose q - 3*u - 11 = 0, -5*u - 9 = -0*q + 3*q. Suppose 2*g - q - 6 = 0. Give i(g).
10
Let p(c) = -3*c**3 - 11*c**2 - 21*c - 7. Let s(z) = 2*z**3 + 5*z**2 + 11*z + 4. Let b(u) = -3*p(u) - 5*s(u). Give b(9).
-8
Let s(z) be the first derivative of z**4/4 - z**3 - 3*z**2/2 - 2*z + 1. Let u = 108 + -104. Calculate s(u).
2
Let s(q) = -3*q**2 - 2. Suppose -4*j + 3*j = -3. Let v(h) = -2*h**2 - 1. Let b(t) = j*s(t) - 5*v(t). Give b(-3).
8
Let o(j) be the third derivative of j**4/8 + j**3/3 + 11*j**2. Give o(-3).
-7
Let i(d) = -d - 9*d**2 - d**3 + 8*d**2 + 2 + 4. Let c = -5 + 5. Give i(c).
6
Let q be (2 - (-26)/(-3)) + (-16)/(-24). Let j(g) = -2*g - 2. Give j(q).
10
Let n be 119/102*1/28. Let g(h) be the third derivative of -n*h**4 + 0*h - h**2 - 1/6*h**3 + 0. Calculate g(-4).
3
Let m(p) = 4*p - 2. Let k(z) = -9*z + 4. Let v(q) = 3*k(q) + 7*m(q). Let w = -5 + 8. Determine v(w).
1
Let i(c) = c**3 + c**2 + 1. Let w be i(-2). Let m(j) = 1 - j**2 + 2*j**2 + 3*j + 0*j**2. Determine m(w).
1
Let c(y) = 5*y**2 + 4 + 6 + 6*y - 5 + y**3. Let i(m) = 3*m**3 + m. Let w be i(-1). Determine c(w).
-3
Let n(f) be the third derivative of -f**6/120 - f**5/12 + 7*f**4/24 + 6*f**2. Let t = -9 + 3. Determine n(t).
-6
Let o(z) = -4*z**3 + z**2 + z + 1. Let j(n) = n**3 - n**2. Let f(s) = 5*j(s) + o(s). Let v = -5 - -9. Give f(v).
5
Let h(w) = -w**3 - 5*w**2 + 4*w - 2. Suppose 24 = -4*g + 3*z, -g + 5*z - 18 = 2*g. What is h(g)?
10
Let x be (-336)/128*8/(-6). Let w(q) be the second derivative of x*q**2 - 4/3*q**3 - 2*q + 0 + 1/12*q**4. What is w(5)?
-8
Let c be ((-1)/(-3))/((-3)/9). Let n(d) = -2*d**3 - 4*d**2 + 4*d + 6. Let j(m) = m**3 + m**2 + m. Let u(r) = c*j(r) - n(r). Give u(-4).
-2
Let n be 1/(-3)*-3*1. Let a be 3/18 - n/6. Let y(r) = -r + 0*r**2 + a*r + r**2 - 1. What is y(-2)?
5
Let y(l) = -l**2 + 11*l + 6. Let g be y(11). Let r(o) = -o + 12. Let u(q) = -q + 13. Let w(p) = -3*r(p) + 2*u(p). What is w(g)?
-4
Let y = 4 + -2. Let k be y + -3 + -2 + 0. Let g(x) = -x - 1. Give g(k).
2
Let n(j) = 6*j**3 + j**2 + j + 5. Let u(x) = -1 - x**3 - x**3 + x**3. Suppose i = 3*i - 2. Let t(a) = i*n(a) + 5*u(a). Determine t(0).
0
Let n(f) = 7*f**2 - 15*f + 6. Let y(g) be the first derivative of -4*g**3/3 + 4*g**2 - 3*g - 2. Let z(u) = 3*n(u) + 5*y(u). Calculate z(2).
-3
Let x(u) = u**3 - 5*u**2 - 5*u + 9. Let s be x(6). Let g(v) = -15 + s + v. Calculate g(6).
6
Let v(n) = -21*n**3 - 8*n**2 - n. Let d(k) = k**3 + k**2. Let b(i) = -6*d(i) - v(i). Give b(-1).
-14
Let w(t) = -t - 3. Let y be (-20)/12 - (-2)/(-6). Calculate w(y).
-1
Suppose -1 + 5 = 2*n. Let s(l) = -5 + 10 + l - 3*l + 0*l**n + l**2. Determine s(4).
13
Let d(n) be the third derivative of 0 + 0*n - 1/8*n**4 + 1/2*n**3 + n**2. Calculate d(2).
-3
Let k(h) = -2*h**3 + 6*h**2 - 6*h. Let x(c) = c**2 - c - 1. Let n(i) = -k(i) + 3*x(i). Suppose -l - 2*r - 2 = 0, 19 = 5*l - 4*r + 1. Calculate n(l).
7
Let y(m) = -2*m**2 + 10*m. Let o be y(5). Let l(b) = b**3 + b**2 + b + 8. Give l(o).
8
Let v(n) be the first derivative of -2*n**3/3 + n**2/2 + 2*n - 10. Let m(l) = l**2 + 4*l - 3. Let w be m(-5). Calculate v(w).
-4
Let p be (-7)/(7/(-2)) + 0. Let i(w) be the first derivative of -w**4/2 + 2*w**3/3 + 3*w**2/2 - 2*w - 3. Give i(p).
-4
Let k = 7 - 7. Suppose i + i + v = 4, 4*i - v - 20 = k. Let h(c) = c**3 - 3*c**2 - 3*c + 1. What is h(i